 w*z + 263 = 2203. Is z a prime number?
False
Let b(w) = -41*w - 1. Let v(j) = 21*j. Let h(z) = 2*b(z) + 5*v(z). Let s be h(-17). Let a = -100 - s. Is a a prime number?
True
Let i(x) = -143*x - 48. Is i(-3) composite?
True
Let m(k) = k**3 + 7*k**2 + k - 12. Let w be m(-8). Is (-4)/3 - 36988/w prime?
True
Let l be 12*1*(-21)/28. Let x be (-28)/(-12) + (-6)/l. Let u(c) = 3*c**3 - c**2 - c - 4. Is u(x) a composite number?
True
Let v = 207 - 104. Let h = v + 46. Is h prime?
True
Let f(k) = 48*k**2 - 8*k + 11. Is f(3) a prime number?
True
Let u = 508 + 60. Let m = u + -11. Is m composite?
False
Suppose -n - 2*n = -j + 25, 15 = -5*n. Let a(f) = 3 + j*f + 3*f + 17*f - 7*f. Is a(4) composite?
True
Let v = 6152 - 3431. Is v a prime number?
False
Let b = 25 - 30. Let a be (1 - -1)/(-4 - b). Is -6 - -4 - (a + -165) prime?
False
Let s(h) = 69*h**2 - 2*h + 8. Let z be (-30)/10 - 4*(-2 + 3). Is s(z) a composite number?
True
Let x be 3/((-1)/((-1)/1 - 0)). Is -9 + 4 - (-5934)/x a prime number?
True
Is 616/42*1*(-66)/(-8) a prime number?
False
Suppose -2*g + 2*j = -8680, -5*j + 8*j = 15. Suppose 4*v - 7052 - 6852 = 0. Suppose -4*d = -h + 5*h - v, -5*d + g = -5*h. Is d a prime number?
False
Suppose b + 2*b = -33. Let z be (b - -11)*1/2. Suppose -3*m + 2*k + 121 = z, 0 = -3*m + 4*m + k - 37. Is m a prime number?
False
Let g(u) = -3*u**2 + 26*u - 14. Let b be g(8). Suppose -3*v = -3*t + 4983, -v = -3*t - b*v + 4967. Is t composite?
False
Suppose -6*k + 7*k - 1 = 0. Is (0 - k) + 9/((-9)/(-1004)) a composite number?
True
Let z = 38217 - -11380. Is z composite?
False
Let i be 0*(3 - 15/6). Let w = i - 1. Is -3 + (19 - w - 2) a prime number?
False
Suppose j - 1 = 2*n - 14, -4*n + 3*j = -27. Suppose -10*b + 652 = -n*b. Suppose -5*a - 5*v = -650, 4*v - b - 484 = -5*a. Is a composite?
False
Let a(t) = -t**2 - 5*t + 2. Let n be a(-4). Suppose n*m = 3*v + 3*m - 468, -m + 786 = 5*v. Is v a composite number?
False
Let m = -115 + 277. Let g(d) = -7*d**2 + 212*d - 31. Let b be g(26). Let t = b - m. Is t a composite number?
False
Let j(s) = 16*s**2 - s + 3. Let f(b) = -15*b**2 - 4. Let d(o) = 4*f(o) + 5*j(o). Is d(4) composite?
True
Suppose -1448 = 6*t + 304. Is 0 + 3 - t/(1*2) prime?
True
Let c(m) = 5*m**3 + 2*m**2 + 8*m - 8. Let t(d) = -9*d**3 - 4*d**2 - 15*d + 15. Let j(x) = 11*c(x) + 6*t(x). Suppose -k - 2*k = -15. Is j(k) a prime number?
True
Let h = -16 + 18. Suppose 0 = -4*p + h*p + 8. Is p/(-6)*3717/(-6) composite?
True
Let x(t) = 5*t + 262. Let n(z) = 8*z + 523. Let v(c) = 3*n(c) - 5*x(c). Let m = 0 - 0. Is v(m) a prime number?
False
Suppose 55793 = 10*l - 7*l + 4*u, 2*u = 4*l - 74354. Is l composite?
True
Let k(q) be the second derivative of 4*q**4/3 + 3*q**3/2 + 3*q**2/2 + q. Let u = 721 + -725. Is k(u) a prime number?
True
Let l be 27/6 + 1/(-2). Suppose 604 = i - l*q, -207 + 1389 = 2*i + 5*q. Is (3/(-6))/((-2)/i) a composite number?
False
Suppose q + 3*g = 5*q - 8981, 5*q = -4*g + 11265. Is q a composite number?
True
Let b = 2094 + -1418. Let u = 1269 - b. Is u a composite number?
False
Let p(w) = w**2 + 3*w + 2. Let z be p(-3). Is 2 - z/(2/(-787)) a composite number?
True
Let g = 956 - -1857. Is g a prime number?
False
Let z(g) = g**3 + 8*g**2 + 5*g - 2. Let k be z(-7). Suppose -628 = -k*s + 8*s. Is s composite?
False
Let q(g) = g**2 + 16*g + 16. Let v be q(-12). Let z = v - -50. Suppose -2*k + z = -20. Is k prime?
True
Let j = -17 - -21. Suppose -5*w = 4*h + 43, -j*w - 9 = h + 10. Is (-2)/h + 2502/14 composite?
False
Suppose -4*b + 10 = -2*b. Suppose b*j = -5*v + 15, 3*j + 0*v + 12 = 4*v. Is (2321/(-11))/(j + -1) a prime number?
True
Let w be -1 + 7 - (-1 - -1). Let n be -3*(-2)/w*4. Suppose 0 = n*z + z - 1855. Is z a prime number?
False
Let g(v) be the first derivative of -37*v**5/120 - 5*v**4/4 + 7*v**3/3 - 9. Let b(c) be the third derivative of g(c). Is b(-13) a prime number?
False
Suppose -2*h = -a + 33533, -a + 4*h + 0*h + 33535 = 0. Is a composite?
True
Let q be 2/13 + (-462)/(-39). Let t = q - -119. Is t a composite number?
False
Let g(j) = -54*j - 49. Is g(-10) prime?
True
Let y(x) = -3732*x - 541. Is y(-5) a composite number?
False
Let c(w) = w**3 + 9*w**2 + 21*w - 11. Let v be c(-23). Let a = v - -13173. Is a a composite number?
False
Is 90031 + (2/(-1) - 96/(-24)) a composite number?
True
Suppose 5*x - 2*x - 261 = 0. Let n = x + 20. Suppose -n = -3*t - 2. Is t composite?
True
Let s(x) = 1934*x**3 + 2*x**2 - 2*x + 2. Let d be s(1). Is (2 + d/3)*(-54)/(-36) a prime number?
True
Let q(o) = 12*o**2 + 19*o + 111. Is q(-10) prime?
False
Suppose -o = -3*x + 2113, 0 = 5*x + 3*o + 1298 - 4815. Suppose -x = -2*c + 86. Is c composite?
True
Let v(i) = i**3 + 10 - i - 3*i**2 + 3*i - i. Let p be v(7). Suppose -p = -2*h + 125. Is h composite?
True
Let n(v) = -2*v**3 - 4*v**2 + 6*v - 2. Let u be n(-5). Is (u/(-6))/((-6)/18) prime?
True
Suppose 5*m + 3*t = 25, 3*t = -3*m + 5*m + 11. Let s be (-8)/4 + -1 + m. Is -4*(s + (-54)/8) a composite number?
False
Let l = -63 - -93. Suppose -l - 58 = -4*y + 4*b, -b = -5*y + 114. Is y composite?
False
Suppose 4*o - 2191 = 17197. Is o a prime number?
False
Suppose o - l + 4 = 20, -24 = -2*o - 2*l. Let n be (o - -7)*(-1)/3. Is 472 + 0 - (-21)/n composite?
True
Let z(y) = -63*y + 1. Suppose -i - 23 + 2 = 0. Let v = i + 19. Is z(v) prime?
True
Suppose -13*c + 8*c = 0. Suppose c = 3*x - 121 - 92. Is x prime?
True
Let w be (-16)/(-10)*(-35)/(-14). Suppose -415 = -w*v + 5*p, -5*v - p + 450 = -76. Suppose k - v = -8. Is k a composite number?
False
Suppose -14*p - 3765 = -19*p. Suppose -4*o + 779 = -4*u - p, 399 = o - 5*u. Is o prime?
True
Let u be 7 + (-1 + (-1 - -4))*-2. Suppose u*a - 1012 = -1. Is a composite?
False
Let z = -34 + 34. Suppose z = 5*v + v - 186. Is v composite?
False
Let o = 16 - 20. Let j be (-1020 + o - 4)/(-2). Suppose -5*x = j - 1799. Is x a composite number?
False
Let w(h) = -h**3 - 13*h**2 - 12*h + 1. Let d be w(-12). Suppose -l = 1 + d. Let a(z) = 18*z**2 - 3*z - 1. Is a(l) a prime number?
False
Let b = -357 - -1924. Is b prime?
True
Let n be 177564/30 + (-4)/5. Suppose -3*x + 2*r + 8873 = 0, -r - n = -2*x + r. Suppose 0 = -4*m - g + 1635 + 717, 5*m + 5*g - x = 0. Is m prime?
True
Suppose 5*w - 2*b + 0*b = 5, -3*b = -3*w - 6. Suppose -5*v + 631 = g, g + 393 = w*v - 2*g. Is v a composite number?
False
Let u(n) = n**3 - n + 0*n**3 + 2*n**2 + 0*n**3 - 3*n. Let x be u(-3). Suppose x*l + 2*b = 641, l + 3*b = 3*l - 410. Is l composite?
False
Let i = 390 - 125. Suppose 0*z + 2*z - 190 = -4*f, -3*z + i = -4*f. Suppose 2*n = z + 153. Is n composite?
True
Let z(o) = -o**2 + 9*o - 18. Let b be z(9). Is -1270*3/b*3 prime?
False
Let r(w) be the second derivative of 14*w + w**3 + 0 + 1/12*w**4 + 5/2*w**2 - 11/20*w**5. Is r(-4) a prime number?
True
Suppose 3*v = -4*a + 49, -6*v + 2*v + 4*a = -56. Let s = v - 14. Is (1 - 164)/(s + -2) a prime number?
True
Suppose -2*h + h = 0. Let o be 1/((-1)/(-2 - h)). Suppose v + 4*a = 229, 5 - 11 = -o*a. Is v prime?
False
Is (-6)/18*-9 - -2074 a prime number?
False
Let c be (0 + -15)*88/33. Let v = 47 + c. Is v a prime number?
True
Suppose -2*i - i = c - 12214, 0 = i + 3. Is c a composite number?
True
Suppose -a + 1347 = 3*k, 195 = -k - 4*a + 644. Is k a composite number?
False
Suppose -5*y + x = -6226 - 19474, 3*y + x = 15428. Is y prime?
False
Suppose -u - 2*k + 1 = 0, u - 2*k + 4 = -3. Let m be u/1*(-7)/21. Is 1/(72/70 - m) a prime number?
False
Let o(p) = -6*p + 17. Let n be o(6). Let g = 60 - n. Is g prime?
True
Let g(h) = -h**3 + 9*h**2 + 6*h - 19. Let y be g(-14). Suppose 4420 = 5*m + 5*v, 4*v + y = 5*m + 6*v. Is m a composite number?
True
Let o = 1498 + -357. Is o composite?
True
Let g be 10/(-4)*10*(-2)/25. Suppose -u + 3*d = -359, -g*u + 196 = d - 494. Is u a composite number?
False
Suppose -7*u + 50478 = 8765. Is u a composite number?
True
Let y(a) = 212*a + 1. Suppose 0 = 3*f - 33 + 30. Let k be y(f). Suppose 4*p - 4*r = k + 651, -4*p = r - 859. Is p composite?
True
Is 1413/27*(-1992)/(-8) prime?
False
Let t(k) = 199*k - 13. Let a be t(-4). Let m = 1366 + a. Is m prime?
True
Let q(c) = -2*c**3 - 4*c**2 + 3*c + 7. Let t(p) be the second derivative of -p**4/12 + p**3/2 - p**2/2 + 2*p. Let m be t(4). Is q(m) prime?
False
Let q(o) = 2*o**2 - 9. Let v be q(-6). Is v/(-14)*4/6 - -